vided by 25?
11
Calculate the remainder when 4302 is divided by 205.
202
What is the remainder when 48 is divided by 28?
20
Calculate the remainder when 90 is divided by 49.
41
Calculate the remainder when 353 is divided by 11.
1
Calculate the remainder when 146 is divided by 63.
20
Calculate the remainder when 1326 is divided by 662.
2
What is the remainder when 2005 is divided by 6?
1
What is the remainder when 58 is divided by 33?
25
What is the remainder when 9822 is divided by 47?
46
Calculate the remainder when 1012 is divided by 12.
4
What is the remainder when 14948 is divided by 19?
14
What is the remainder when 195 is divided by 15?
0
What is the remainder when 3185 is divided by 630?
35
What is the remainder when 288 is divided by 41?
1
Calculate the remainder when 1398 is divided by 56.
54
Calculate the remainder when 155 is divided by 46.
17
Calculate the remainder when 135 is divided by 6.
3
Calculate the remainder when 2082 is divided by 148.
10
What is the remainder when 2050 is divided by 296?
274
Calculate the remainder when 1159 is divided by 124.
43
What is the remainder when 1185 is divided by 108?
105
What is the remainder when 1040 is divided by 260?
0
What is the remainder when 173 is divided by 55?
8
Calculate the remainder when 614 is divided by 20.
14
What is the remainder when 2379 is divided by 17?
16
What is the remainder when 180 is divided by 37?
32
Calculate the remainder when 221 is divided by 74.
73
Calculate the remainder when 2418 is divided by 20.
18
Calculate the remainder when 609 is divided by 193.
30
What is the remainder when 226 is divided by 57?
55
Calculate the remainder when 80 is divided by 14.
10
What is the remainder when 801 is divided by 31?
26
Calculate the remainder when 212 is divided by 24.
20
What is the remainder when 174 is divided by 57?
3
What is the remainder when 948 is divided by 95?
93
Calculate the remainder when 2458 is divided by 164.
162
What is the remainder when 164 is divided by 54?
2
What is the remainder when 369 is divided by 17?
12
Calculate the remainder when 58 is divided by 18.
4
What is the remainder when 13930 is divided by 129?
127
What is the remainder when 416 is divided by 137?
5
Calculate the remainder when 1095 is divided by 189.
150
Calculate the remainder when 2838 is divided by 86.
0
Calculate the remainder when 3430 is divided by 13.
11
What is the remainder when 262 is divided by 67?
61
Calculate the remainder when 232 is divided by 9.
7
What is the remainder when 299 is divided by 60?
59
Calculate the remainder when 17668 is divided by 15.
13
What is the remainder when 72 is divided by 12?
0
Calculate the remainder when 149 is divided by 60.
29
Calculate the remainder when 2443 is divided by 94.
93
What is the remainder when 416 is divided by 60?
56
Calculate the remainder when 731 is divided by 111.
65
What is the remainder when 153 is divided by 39?
36
Calculate the remainder when 204 is divided by 9.
6
Calculate the remainder when 53 is divided by 21.
11
Calculate the remainder when 391 is divided by 192.
7
Calculate the remainder when 2010 is divided by 1003.
4
Calculate the remainder when 118 is divided by 97.
21
Calculate the remainder when 860 is divided by 24.
20
What is the remainder when 11221 is divided by 46?
43
What is the remainder when 286 is divided by 61?
42
What is the remainder when 202 is divided by 52?
46
What is the remainder when 907 is divided by 26?
23
What is the remainder when 10958 is divided by 40?
38
What is the remainder when 400 is divided by 141?
118
Calculate the remainder when 18405 is divided by 24.
21
Calculate the remainder when 188 is divided by 45.
8
Calculate the remainder when 672 is divided by 68.
60
What is the remainder when 2177 is divided by 39?
32
Calculate the remainder when 1072 is divided by 29.
28
What is the remainder when 284 is divided by 15?
14
Calculate the remainder when 198 is divided by 40.
38
Calculate the remainder when 380 is divided by 65.
55
What is the remainder when 528 is divided by 290?
238
What is the remainder when 97 is divided by 2?
1
What is the remainder when 2086 is divided by 25?
11
Calculate the remainder when 540 is divided by 27.
0
Calculate the remainder when 172 is divided by 27.
10
Calculate the remainder when 317 is divided by 10.
7
What is the remainder when 869 is divided by 109?
106
Calculate the remainder when 477 is divided by 54.
45
What is the remainder when 57 is divided by 30?
27
What is the remainder when 318 is divided by 17?
12
Calculate the remainder when 144 is divided by 3.
0
Calculate the remainder when 220 is divided by 109.
2
What is the remainder when 206 is divided by 9?
8
What is the remainder when 384 is divided by 30?
24
Calculate the remainder when 134 is divided by 67.
0
Calculate the remainder when 3025 is divided by 15.
10
Calculate the remainder when 1223 is divided by 398.
29
Calculate the remainder when 816 is divided by 75.
66
What is the remainder when 2378 is divided by 23?
9
Calculate the remainder when 10163 is divided by 95.
93
Calculate the remainder when 99 is divided by 32.
3
What is the remainder when 661 is divided by 45?
31
Calculate the remainder when 793 is divided by 171.
109
What is the remainder when 111 is divided by 26?
7
What is the remainder when 115 is divided by 49?
17
What is the remainder when 2359 is divided by 59?
58
What is the remainder when 328 is divided by 30?
28
Calculate the remainder when 40 is divided by 15.
10
What is the remainder when 14957 is divided by 8?
5
Calculate the remainder when 4258 is divided by 142.
140
What is the remainder when 226 is divided by 50?
26
What is the remainder when 806 is divided by 10?
6
Calculate the remainder when 54 is divided by 19.
16
Calculate the remainder when 97 is divided by 11.
9
What is the remainder when 222 is divided by 15?
12
What is the remainder when 256 is divided by 36?
4
What is the remainder when 8216 is divided by 9?
8
Calculate the remainder when 720 is divided by 52.
44
What is the remainder when 497 is divided by 97?
12
What is the remainder when 70 is divided by 21?
7
What is the remainder when 70925 is divided by 31?
28
Calculate the remainder when 127 is divided by 12.
7
Calculate the remainder when 373 is divided by 78.
61
Calculate the remainder when 254 is divided by 87.
80
Calculate the remainder when 399 is divided by 101.
96
Calculate the remainder when 132 is divided by 130.
2
Calculate the remainder when 3871 is divided by 114.
109
Calculate the remainder when 1429 is divided by 110.
109
Calculate the remainder when 86 is divided by 21.
2
Calculate the remainder when 152 is divided by 31.
28
Calculate the remainder when 1531 is divided by 13.
10
Calculate the remainder when 607 is divided by 105.
82
Calculate the remainder when 283 is divided by 12.
7
What is the remainder when 2101 is divided by 151?
138
What is the remainder when 6848 is divided by 18?
8
What is the remainder when 735 is divided by 91?
7
What is the remainder when 751 is divided by 9?
4
What is the remainder when 670 is divided by 348?
322
What is the remainder when 83 is divided by 19?
7
Calculate the remainder when 8420 is divided by 443.
3
Calculate the remainder when 1271 is divided by 167.
102
What is the remainder when 1273 is divided by 22?
19
Calculate the remainder when 87 is divided by 42.
3
Calculate the remainder when 1405 is divided by 7.
5
Calculate the remainder when 3363 is divided by 66.
63
Calculate the remainder when 1231 is divided by 157.
132
What is the remainder when 157 is divided by 141?
16
Calculate the remainder when 1550 is divided by 11.
10
What is the remainder when 570 is divided by 25?
20
Calculate the remainder when 4177 is divided by 31.
23
Calculate the remainder when 139 is divided by 71.
68
Calculate the remainder when 31499 is divided by 15.
14
What is the remainder when 4419 is divided by 20?
19
What is the remainder when 457 is divided by 23?
20
What is the remainder when 426 is divided by 49?
34
What is the remainder when 90 is divided by 7?
6
What is the remainder when 263 is divided by 26?
3
Calculate the remainder when 364 is divided by 23.
19
Calculate the remainder when 60 is divided by 57.
3
Calculate the remainder wh